 9, what is -105163561 + -3?
-105163564
In base 12, what is -7 - -2989aa?
2989a3
In base 11, what is 851aa0 - -696?
852686
In base 5, what is -1122 - 12114214?
-12120341
In base 14, what is -12758 - 15b?
-128b5
In base 13, what is 7b887 + 6b?
7b925
In base 5, what is 1222300 - 4143?
1213102
In base 15, what is 0 - cdc9?
-cdc9
In base 14, what is 9dcc - 3dd?
99cd
In base 12, what is 7a04288 + -5?
7a04283
In base 4, what is 203312 + -1332003311?
-1331133333
In base 15, what is -3 - -656594?
656591
In base 7, what is -15344446 - 462?
-15345241
In base 6, what is -5 - 433045510?
-433045515
In base 15, what is -a + 344a5?
3449a
In base 5, what is 10013022 + 3?
10013030
In base 14, what is ddba - -1a71?
11a4b
In base 2, what is 1010 + -11000011000001111101011?
-11000011000001111100001
In base 3, what is -110001021000211 - -1?
-110001021000210
In base 11, what is -1330a4 - 662?
-133756
In base 9, what is 21618 + -655?
20853
In base 5, what is -103104403 + -3?
-103104411
In base 4, what is 13031 - 1010221333?
-1010202302
In base 10, what is 173736 + 32?
173768
In base 4, what is 131201 - -1103120?
1300321
In base 5, what is 101 + 10001120?
10001221
In base 4, what is -22 - -102222000113?
102222000031
In base 5, what is 3043443 - 120302?
2423141
In base 3, what is 1120111110202000 - -21?
1120111110202021
In base 14, what is 2bd338 - 6?
2bd332
In base 4, what is -233 - -2022302302?
2022302003
In base 15, what is c760225 + -3?
c760222
In base 15, what is -2cd792c - -5?
-2cd7927
In base 11, what is -635128875 - -3?
-635128872
In base 14, what is 1 + -10d746?
-10d745
In base 16, what is 1005307 - e?
10052f9
In base 10, what is 1586397 + -46?
1586351
In base 10, what is 713 + -28582?
-27869
In base 15, what is 1048b - -2a0?
1073b
In base 15, what is -3 + 128514?
128511
In base 15, what is -ed10b + 59?
-ed0a2
In base 10, what is -28 - 341865?
-341893
In base 16, what is 0 + -121d41?
-121d41
In base 7, what is -122265 + 1521?
-120444
In base 9, what is 52450336 - -5?
52450342
In base 9, what is 18022661 - -15?
18022676
In base 13, what is ca - -b2a3?
b3a0
In base 2, what is 1101011 - -10001001110001000?
10001001111110011
In base 7, what is -1250415 - -2046?
-1245336
In base 4, what is -123111222030003 - -10?
-123111222023333
In base 9, what is 52305 + 515?
52821
In base 13, what is 383 + -2992c?
-29579
In base 13, what is -aa - 2aa59?
-2ab36
In base 16, what is 18d93 - 91d?
18476
In base 2, what is 1111010011 + -101001011010?
-11010000111
In base 10, what is -177 - -129687?
129510
In base 8, what is 10073 + 103346?
113441
In base 6, what is 21021502 - -15?
21021521
In base 6, what is 10014 - 15324?
-5310
In base 16, what is -4150bfc - -2?
-4150bfa
In base 5, what is 101 - 204141312?
-204141211
In base 14, what is -9adaac - 0?
-9adaac
In base 4, what is -2212 + 31031103312?
31031101100
In base 2, what is -11101 - -10000011001100011?
10000011001000110
In base 3, what is -122 - 101112122222102?
-101112200000001
In base 9, what is 200438 + -17?
200421
In base 7, what is -4244 - -132254?
125010
In base 4, what is -1121020 + -1201300?
-2322320
In base 2, what is 1 + 101111101100110110100001?
101111101100110110100010
In base 16, what is -a33 + -3ca?
-dfd
In base 11, what is -3 - -5933055?
5933052
In base 15, what is 76aac - -9?
76ab6
In base 12, what is 685b4a9 + 1?
685b4aa
In base 16, what is 7f52a0e + -4?
7f52a0a
In base 12, what is -501929 - -15?
-501914
In base 4, what is -302221 + 23210?
-213011
In base 13, what is -6aa05 + 25?
-6a9b0
In base 15, what is 13 - -6e25d?
6e271
In base 11, what is 2729466 - -2?
2729468
In base 6, what is 12013305 + -2?
12013303
In base 3, what is 1012220010122121 - -12?
1012220010122210
In base 16, what is 4 + -e441a?
-e4416
In base 13, what is -33 - -1ca588?
1ca555
In base 16, what is 2d1b952 + 2?
2d1b954
In base 4, what is 2022002300 + 1?
2022002301
In base 6, what is 22023 + -4142020?
-4115553
In base 13, what is -78 - 15b48?
-15bc3
In base 15, what is -ac180a + 1?
-ac1809
In base 5, what is -30020 - -114114113?
114034043
In base 12, what is -849 + 1b857?
1b00a
In base 11, what is 386524 - -135?
386659
In base 10, what is 301 + -59069?
-58768
In base 15, what is -7e340d4 - 3?
-7e340d7
In base 9, what is -17116532 + 1?
-17116531
In base 14, what is -3ab - -2036?
1a69
In base 10, what is -261889 - -1723?
-260166
In base 4, what is -301222 - -20102131?
13200303
In base 14, what is 630c7 - -3a?
63123
In base 5, what is -3 - -1331342011?
1331342003
In base 2, what is 110111110101011 + -100000?
110111110001011
In base 14, what is 6607 - 38b1?
2b36
In base 3, what is 111201221012000 - 1120?
111201221010110
In base 13, what is 0 - 1218650?
-1218650
In base 13, what is -124bc6 - 220c?
-127105
In base 10, what is 3197 - 21308?
-18111
In base 4, what is -3 + 2021113212301?
2021113212232
In base 4, what is -3 + 303112232103?
303112232100
In base 14, what is 93ac8c + 5?
93ac93
In base 11, what is -810358 + -203?
-810560
In base 6, what is -12542202 + 115?
-12542043
In base 11, what is -60 + -1391580?
-1391630
In base 13, what is a + -9ab17?
-9ab0a
In base 15, what is -1830d0 - bc?
-18319c
In base 12, what is 16a94 + -24a?
16846
In base 16, what is -4 + 140da0?
140d9c
In base 16, what is 20 + -1495d?
-1493d
In base 2, what is 111010010011 + 100001110?
111110100001
In base 8, what is -1106 - -37447?
36341
In base 5, what is 234034 - -410?
234444
In base 4, what is 30102110030 + 11?
30102110101
In base 8, what is -3100750 + 23?
-3100725
In base 7, what is 135 + -145465502?
-145465334
In base 12, what is -233802 + -3?
-233805
In base 6, what is -1 - 13442310340?
-13442310341
In base 14, what is -12146ac + -4?
-12146b2
In base 4, what is -30 - 30203302120?
-30203302210
In base 5, what is 1102 + 1342342?
1343444
In base 9, what is 65427276 - -4?
65427281
In base 3, what is -101012201 + 2020210?
-21221221
In base 5, what is -1410 + -113444034?
-114000444
In base 4, what is 122301 + -20232102?
-20103201
In base 2, what is -10 + 11100000011111010?
11100000011111000
In base 14, what is 32 + -1a90c8a?
-1a90c58
In base 15, what is 1293ee - 0?
1293ee
In base 8, what is -3 - -44613517?
44613514
In base 13, what is 5a5 + -241b?
-1b46
In base 10, what is -3 + 41881873?
41881870
In base 7, what is -6402 + -2562461?
-2602163
In base 15, what is 1669a7 - 12?
166995
In base 2, what is -1101011 - 1011001011?
-1100110110
In base 9, what is -2 - -258435475?
258435473
In base 2, what is -1100 - 11010110010110?
-11010110100010
In base 3, what is -1020 + -2021222100101?
-2021222101121
In base 3, what is 12 + 10202222200021?
10202222200110
In base 3, what is -220020200112 - -2?
-220020200110
In base 13, what is -6 - -3420697?
3420691
In base 14, what is -3307a3 + -14?
-3307b7
In base 6, what is 151 + 23215013?
23215204
In base 16, what is f7 + ab5e3?
ab6da
In base 15, what is -db72 - e8?
-dc6a
In base 16, what is 3d189d - -2?
3d189f
In base 12, what is 380377a + -16?
3803764
In base 15, what is -3 + -1166313?
-1166316
In base 10, what is -10285152 - -5?
-10285147
In base 6, what is -132000 - 51442?
-223442
In base 10, what is -414291 - 93?
-414384
In base 6, what is 404301 - 132020?
232241
In base 6, what is 30531323131 + 5?
30531323140
In base 7, what is -225615 + 151?
-225434
In base 2, what is 10101111101 - -1101010010001000?
1101101000000101
In base 12, what is -6 + 58bb54?
58bb4a
In base 13, what is 5 - -1b592433?
1b592438
In base 15, what is -5 + -11178ac?
-11178b2
In base 14, what is ba78b5b + 18?
ba78b75
In base 5, what is -22232303 - -133?
-22232120
In base 14, what is -a07982 - 56?
-a079d8
In base 11, what is -28 + -a401570?
-a401598
In base 15, what is c + 904c0d4?
904c0e1
In base 2, what is 110111001111 + 101001011100110?
110000010110101
In base 13, what is -5599 + 98?
-5501
In base 4, what is -12231 + -10120223?
-10133120
In base 15, what is 193cc4d + 4?
193cc52
In base 2, what is 10000001110101110111001 - 10110100?
10000001110101100000101
In base 12, what is 56b7503 + 2?
56b7505
In base 2, what is 11 + 100000001011010010000101?
100000001011010010001000
In base 15, what is 2 + -5e0b256?
-5e0b254
In base 10, what is -31110 - -1317?
-29793
In base 6, what is 25315455530 - 2?
25315455524
In base 10, what is 4102 - 4886?
-784
In base 13, what is 21b875 + 